common factor of 13 and k.
13
Let z(h) = h**3 - 7*h**2 - 8*h + 3. Let c be z(8). Suppose u + 10 - 38 = -c*w, -2*u + 62 = 3*w. Calculate the greatest common factor of 85 and u.
17
Let v = 10 - 29. Let m = v - -13. Let g be 62 - 3*m/(-9). What is the highest common divisor of g and 12?
12
Let a(o) = o + 297. Let v be a(0). What is the highest common divisor of v and 27?
27
Let m be (2 + (-20)/12)*(0 - -3). Calculate the highest common divisor of 9 and m.
1
Let a be -1*(-1 + (-2)/(-2)). Suppose 0 = o + 4 - 6. Let j be o - 0 - (0 + a). What is the greatest common factor of j and 2?
2
Let m = 0 + 1. Let z = m + 4. Suppose -k - 274 = -z*q, 7*q - 2*q = 5*k + 290. What is the greatest common factor of 18 and q?
18
Let h(u) = u - 9. Let z(g) = g - 10. Let s = 16 - 9. Let v(q) = s*h(q) - 6*z(q). Let j be v(7). What is the greatest common factor of j and 4?
4
Let g be 65/3 - 6/9. What is the greatest common factor of g and 14?
7
Let i(a) = -a + 44. Let l be i(0). Let v be (l/(-16))/((-1)/4). What is the highest common factor of 11 and v?
11
Suppose 2*k + 2*k = 0. Suppose -2*j = -k*j - 18. Calculate the highest common factor of j and 36.
9
Let q = 15 - 13. Suppose 3*p - p = 4. Suppose -j = 2*j - q*u - 22, -p*u + 2 = j. Calculate the highest common divisor of j and 18.
6
Suppose f - 3 = 2. Suppose -f*j + 26 = -69. What is the greatest common divisor of 209 and j?
19
Suppose -11 = -q + 11. Suppose n + 37 = s + 2*s, 2*n = -3*s - 65. Let p = q - n. What is the greatest common factor of p and 7?
7
Let f(g) = -g**3 + 6*g**2 + 8*g + 4. Let o be f(7). Let u(c) = c**2 + 10*c - 13. Let l be u(-12). Calculate the greatest common factor of o and l.
11
Let c(o) = o**2 - 6*o. Let x be c(6). Suppose 108 = -x*j + 4*j. Calculate the greatest common factor of j and 18.
9
Let x(h) = -h + 5. Let d be x(4). Let k(f) = 3*f - 7. Let v be k(5). What is the highest common factor of v and d?
1
Let k(x) be the second derivative of -x**3 + 6*x**2 + 4*x. Let j be k(-11). Calculate the greatest common factor of j and 52.
26
Let q be (-16)/(-3)*18/4. Suppose -5*z + 0 = 20. Let l(w) = -2*w + 4. Let j be l(z). Calculate the greatest common divisor of q and j.
12
Let o(t) = t**3 + 5*t**2 - 8*t - 8. Let i be o(-6). Suppose -2*d = -4*d - i. Let n = 4 + d. Calculate the highest common divisor of n and 1.
1
Let o be (15/2)/(-5)*-12. What is the highest common factor of 2 and o?
2
Let q(d) = -d**2 + d. Let z(o) = 19*o**2 - 6*o - 1. Let l(c) = 4*q(c) + z(c). Let w be l(-1). Calculate the greatest common divisor of 16 and w.
16
Let t = 7 + -6. Let o be (t - 1/(-4))*4. What is the highest common factor of 2 and o?
1
Suppose 925 = -0*z + 5*z. What is the highest common divisor of 37 and z?
37
Let a = 15 + -7. Let i be (a/3)/(6/(-27)). Let g = 21 + i. Calculate the highest common divisor of g and 81.
9
Suppose -6*m + 200 = -2*m. What is the highest common factor of m and 5?
5
Let t = 7 - 2. Suppose -t*q = -10 - 70. Let u be 30*(1/3 - -1). Calculate the greatest common divisor of q and u.
8
Let p be 5/(-1)*-18 + -6. Calculate the greatest common factor of p and 21.
21
Let n = 8 - -6. Suppose -34 = -4*a + n. Calculate the highest common factor of 108 and a.
12
Let p(m) = m**3 - 5*m**2 - 7*m + 8. Let z be p(6). Suppose 0 = -7*s + 4*s + 9. Let c be (2 + 1)*10/s. What is the greatest common factor of c and z?
2
Let i(d) be the second derivative of -d**3/3 + 15*d**2/2 + 7*d. Let t be i(6). What is the greatest common factor of 12 and t?
3
Let c be 1308/30 - 3*4/(-30). Calculate the greatest common factor of c and 11.
11
Let n = -125 + 137. Calculate the highest common factor of 36 and n.
12
Suppose 2*j - 2*t + 1 - 5 = 0, 22 = 2*j + 4*t. Suppose x + 304 = j*x. Calculate the greatest common divisor of x and 19.
19
Let s(r) = -r**2 + 10*r - 10. Let n be s(8). Suppose -264 = -3*k - k. Calculate the greatest common divisor of k and n.
6
Let g = -10 - -17. Suppose -5*n + 20 = z, 32 = n - 4*z + g. Let i be 18/(-3)*n/(-2). What is the highest common factor of i and 3?
3
Let r(o) = 3*o - 9. Let w(b) = 1. Let g(i) = r(i) + 6*w(i). Let c = -4 + 7. Let k be g(c). What is the greatest common divisor of 66 and k?
6
Suppose 55 - 22 = f + 3*d, 4*f - 159 = -3*d. What is the greatest common divisor of f and 14?
14
Let a be (-3)/9*3*-2. What is the highest common divisor of 1 and a?
1
Let j(y) = y**3 + 7*y**2 - 22*y - 6. Let i be j(-9). What is the greatest common factor of 30 and i?
30
Suppose 21 = 5*f + p - 57, -p = -3. Suppose 362 = 2*k + 152. Calculate the highest common factor of f and k.
15
Suppose 7*z - 4*z = 6. Let i(j) = 2*j**2 + j + 1. Let l be i(z). What is the highest common divisor of l and 121?
11
Let u = 32 - 24. Calculate the highest common divisor of 104 and u.
8
Suppose -60 = -9*g + 4*g. Suppose -m - 8 = -2*m. What is the greatest common factor of g and m?
4
Suppose n - z = 2, 3*n + z = 2*z + 14. Let p be ((-4)/n)/(8/(-156)). Suppose 5*k = d + 328, -4*k - d + 0*d = -257. What is the highest common factor of k and p?
13
Let b(z) = 3*z. Let u be b(-5). Let c be ((-40)/(-30))/((-2)/u). What is the highest common factor of c and 20?
10
Let d be (42/9)/(5/60). What is the highest common factor of 7 and d?
7
Suppose -13*v + 180 = -11*v. What is the greatest common factor of 36 and v?
18
Suppose 0*s = 3*s + 3*a - 84, -5*a = -10. Calculate the greatest common divisor of 39 and s.
13
Let o be 500/6 + (-36)/(-54). What is the greatest common divisor of 42 and o?
42
Suppose -2*x = x - 3. Suppose 2*d = 3*y - 38 - 25, y + 5*d = 38. Let g = y + -16. What is the greatest common divisor of g and x?
1
Let j = 101 - -196. Let f = 11 + 16. Calculate the highest common factor of j and f.
27
Let i(m) = m**3 + 6*m**2 - 3*m + 8. Let j be i(-5). Let h be 25 + (-1)/((-1)/(-1)). Let c = 40 - h. Calculate the greatest common divisor of c and j.
16
Let k be 1/3 + 62/3. Suppose -26 = -3*r - 5. Let j be (r/k)/((-1)/(-18)). Calculate the greatest common factor of j and 48.
6
Let c = 49 + -48. What is the highest common divisor of c and 8?
1
Suppose 0*w - 20 = -5*w. Suppose -148 = -2*s - 3*k, 0 = s + w*k - 0*k - 64. What is the highest common divisor of s and 20?
20
Suppose -f = 2*f - 336. Let w = -77 + f. Let l be (2 + 5)/(2 + -1). Calculate the greatest common divisor of l and w.
7
Let r be ((-39)/2 - -3)*-2. What is the greatest common divisor of 3 and r?
3
Let w = -102 - -264. What is the highest common divisor of w and 18?
18
Let u = 32 - 22. What is the greatest common factor of u and 90?
10
Let v(c) = 14*c - 8. Let a be v(10). What is the highest common factor of a and 12?
12
Let w = -119 + 199. Calculate the greatest common factor of w and 10.
10
Suppose -4*r - 3*h + 76 = 0, -h - 44 = -2*r - 4*h. Calculate the greatest common factor of r and 32.
16
Let q(z) = z**2 - 9*z + 10. Let t be q(10). What is the highest common divisor of 140 and t?
20
Suppose 5*b = -75 - 70. Let l = 91 - b. What is the greatest common factor of 48 and l?
24
Let u be (100/35)/(2/28). What is the greatest common factor of u and 15?
5
Let r be 790/(-4)*24/(-15). Suppose 5*g - 2*b = b + 394, 0 = -4*g + 2*b + r. Calculate the highest common divisor of 32 and g.
16
Let h(n) = -n**2 + 20*n - 15. Let l be h(15). Suppose 4*k - l = -k. Calculate the highest common factor of 36 and k.
12
Suppose 0 = -3*x + 17 + 1. Let j(t) = t**3 + 7*t**2 - 2*t - 7. Let a be j(-5). Let m = -38 + a. Calculate the greatest common factor of x and m.
3
Let g = -3 + 6. Suppose -3*t + 18 = g. Suppose -5*c + 163 = -37. Calculate the highest common factor of t and c.
5
Let f(n) = -10*n - 1. Let g be f(-2). Let d(k) = -k**3 + 3*k**2 - 4*k + 5. Let m be d(-4). Calculate the greatest common divisor of g and m.
19
Let h = 47 - 33. Calculate the highest common divisor of 112 and h.
14
Let a = 0 + 4. Suppose 4*o + 5*u - 2*u = 42, 0 = 2*u + a. Calculate the greatest common divisor of 48 and o.
12
Let a(j) = -9*j**2 - 1 - j**2 + 56*j**2. Let t be (-9)/(-3)*1/(-3). Let m be a(t). What is the greatest common factor of 5 and m?
5
Let t(f) = 5*f**2 + f + 1. Let g be t(-1). Suppose -g*s = -187 + 607. Let z = s - -140. Calculate the highest common factor of 8 and z.
8
Let i(y) = 5*y - 9. Let j be i(9). Calculate the greatest common factor of 4 and j.
4
Suppose 4*c - 770 + 42 = 0. Calculate the high